s the units digit of g?
8
Suppose l = 3*y + 11, 2*y + 35 = -3*y + 5*l. Let b be 3 + (y - 0) - -3. Suppose -2*f - 2*r - 22 = -b*f, -5 = 5*r. What is the tens digit of f?
1
Let t = 3 - 3. Let n be ((-22)/(-5) + t)*-15. What is the tens digit of (n/(-9))/(2/3)?
1
Suppose 4*v - 350 = -5*o, 2*v = 2*o - 7*o + 340. What is the units digit of o?
6
Suppose -y + 10 = y. Suppose y*s + 6*n = 3*n + 70, 0 = s + 3*n - 26. What is the tens digit of s?
1
Let o(x) = 3*x + 0*x - 2 + 0 - x**3 - 3*x**2. Let i be (-36)/10 - 2/5. What is the units digit of o(i)?
2
Let i be (-7)/21 + 5/(-3). Let n = 8 - i. What is the units digit of n?
0
Suppose -720 = -4*s - s. Suppose -4*b + 158 = -3*f - 2*f, 0 = -4*b - 2*f + s. What is the units digit of b?
7
Let k(d) = -d**3 + 10*d**2 + 3*d. Let b(z) = -z**3 + 5*z**2 + z. Let j(x) = 5*b(x) - 3*k(x). What is the units digit of j(-3)?
1
Let g = -24 + 37. What is the units digit of g?
3
Let f = 4 + 43. What is the units digit of f?
7
Let t(f) = 6*f**2 + 2*f - 3. Let x be t(2). What is the units digit of (-1 + x)*(-3)/(-9)?
8
Suppose 0*l = 2*l + 8. Let n = 3 - -3. Let s = l + n. What is the units digit of s?
2
Let g(a) = a + 2. Let k be g(-2). Let n = 6 - k. What is the tens digit of 10/n*(3 + 3)?
1
Suppose -4*x = 2*o + 16, 5*x + 29 + 1 = -5*o. Let u be x + 2 + -2 + -1. Let i(t) = t**3 + 2*t**2 - 2*t + 4. What is the units digit of i(u)?
1
Let z = 39 - 12. What is the units digit of z?
7
Suppose 0 = 5*q + 2 - 22. Suppose 82 = q*f - 18. What is the tens digit of f?
2
Suppose 11*o - 460 = 6*o. Suppose -4*b + 2*b + 2*h = -o, -b + 3*h = -38. Suppose 18 = n - 2*d, -2*d = -4*n + b - 8. What is the units digit of n?
8
Let p be (5 - 2)/3*3. Suppose 0 = -i + p*i - 18. What is the units digit of i?
9
Let k(l) be the first derivative of -3*l**2/2 + l + 1. What is the units digit of k(-6)?
9
Let v(b) be the first derivative of 2*b**2 - 14*b + 3. What is the units digit of v(6)?
0
What is the hundreds digit of (-123)/(-1*((-5)/4 + 2))?
1
Let u(p) be the second derivative of p**4/12 + 7*p**2/2 - p. Let c(a) = -2*a - 4. Let w be c(-2). What is the units digit of u(w)?
7
Let d = -15 - -25. What is the tens digit of (24/d)/((-4)/(-70))?
4
Let c = -8 - -38. Suppose 0*j = 2*j - c. Let b = j + -8. What is the units digit of b?
7
Let g(j) = j**3 - 8*j**2 + 2*j - 9. Let b be g(8). Let f be -1 - -5 - 2 - b. Let h(d) = -d**3 - 6*d**2 - 4*d + 7. What is the units digit of h(f)?
2
Let x(f) = 95*f**3 + 1. What is the units digit of x(1)?
6
Suppose 4*r - 2*r + 2*c = 192, -5*r + 2*c + 508 = 0. What is the hundreds digit of r?
1
Let y(l) = 3*l**2 - 5*l + 55. What is the hundreds digit of y(8)?
2
Suppose -q = 4*q - 25. Suppose -2*b - t + 62 = 2*t, -q*b + 121 = -t. What is the units digit of b?
5
Let i = 10 - 5. What is the units digit of i?
5
Suppose 5*k = 19 + 6. Let z(f) = -f**3 + 8*f**2 - 7*f + 11. Let w be z(5). Suppose w = k*s - 2*s. What is the tens digit of s?
1
Let v = 122 + -64. What is the tens digit of v?
5
Let h = -23 - -33. Let c(k) = -k**3 - 3*k**2 + 8*k + 6. Let g be c(-5). Let o = g - h. What is the units digit of o?
6
Suppose 2*j + 33 = -49. Let g = -22 - j. What is the units digit of g?
9
Suppose -4*h + 1134 = -2*p, -2*h + 6*h - p = 1133. What is the units digit of h?
3
Let a(i) = 3*i**2 - 3*i + 2. Let o be a(-3). Suppose -2*p - 4*m + 2 = -5*p, -3*p - 4*m + o = 0. What is the units digit of p?
6
Let v(k) be the first derivative of -k**3/3 + k**2 + k - 3. Let f be v(-2). Let j = f + 9. What is the units digit of j?
2
Let d = 304 + -91. What is the hundreds digit of d?
2
What is the units digit of 1/(-3) + 22/(-6) + 111?
7
Suppose -3*y + 8 + 1 = 0. Let j = 0 + y. Suppose 4*v - j*v = 9. What is the units digit of v?
9
Suppose -6*y + 4*y = -40. Let f = 28 - y. Let n = -5 + f. What is the units digit of n?
3
Let j(i) = 2*i - 6. Let w be j(6). What is the units digit of (-3)/9 - (-122)/w?
0
Suppose -2*r + 3*n + 43 = 0, 0*n = 2*r - 2*n - 46. Let k = 36 - r. What is the units digit of k?
0
Let p = 96 + -30. Suppose 0*t + p = 2*t. Let x = 48 - t. What is the units digit of x?
5
Let z(p) = -3*p + 16. Let t be z(-7). Suppose -56 = -2*c + 3*g, -3*g = c + 9 - t. What is the tens digit of c?
2
Let o(x) = -32*x**3 - 1. Let n = -22 - -21. What is the tens digit of o(n)?
3
Let i be 34/119 - 75/(-7). Suppose -2*v = -35 - i. What is the tens digit of v?
2
Let x(v) = v + 10. Let k(y) = 6*y**3 - 1. Let z be k(-1). Let n be x(z). Suppose -3*s - 4*l = n, -2*l + 11 = 5*s + 2. What is the units digit of s?
3
Let q be -2*((-18)/(-4))/3. Let g be (-1*1)/(q/15). Suppose 0*t + 60 = g*t. What is the units digit of t?
2
Suppose -2*w = 3*w - 5. Suppose 8*v = 7*v + w. What is the units digit of v?
1
Suppose -7*h + 4*h = 3*l - 219, 4*h - 4 = 0. What is the units digit of l?
2
Let s = 22 - 13. What is the units digit of s?
9
Let n be (-1)/4*-34*2. Suppose -w = 0, -l + 4*w + n = 2*w. What is the tens digit of l?
1
Let j(s) = s**3 + 10*s**2 - 6*s + 10. What is the tens digit of j(-10)?
7
Suppose -4*g + 9*g + 16 = 2*c, -c = 2*g - 8. Suppose 5*h - c - 32 = 0. Let u = h + -1. What is the units digit of u?
7
Let l be -2 + (-3 - -4) + -1. Let d = l + 13. What is the tens digit of d?
1
Suppose -3*u = -8*u + 35. Suppose u = n - 6. What is the tens digit of n?
1
Let a = -63 + 90. What is the units digit of 1 - (-4)/(4/a)?
8
Let p(n) = n**2 + 8*n + 2. Let l be p(-8). Suppose -4*q = 2*b - 8, 2*q = -l*b + 9 + 3. Suppose i = -2*d + 29, b*i - 15 = 3*i. What is the tens digit of d?
1
Let a(g) be the second derivative of -g**3/3 - g**2 + 4*g. Suppose -24 = -3*y + 6*y - 3*l, 2*l - 2 = 0. What is the units digit of a(y)?
2
Let s = 59 + -50. Suppose -12 - 5 = -f. Let p = f - s. What is the units digit of p?
8
Let i = 91 - 49. What is the units digit of i?
2
What is the hundreds digit of 30*-25*(-6)/12?
3
Let j = 6 + -5. Let a = 8 - j. What is the units digit of a?
7
Suppose -3*h = -z + 159, h + 725 = 9*z - 4*z. What is the units digit of z?
4
Suppose -7*i - 92 = -8*i. What is the units digit of i?
2
Let h be ((-63)/3)/3 + 1. Let f = h - -9. What is the units digit of f?
3
Let t = 27 - 42. Let a = t - -21. Suppose -a = d - 2*d. What is the units digit of d?
6
Suppose -2*n - i + 89 + 154 = 0, 0 = -4*n + 5*i + 465. What is the units digit of n?
0
What is the tens digit of 30/8*(-64)/(-3)?
8
Let v(d) = d**3 + 7*d**2 + 2*d. Let g be v(-5). What is the tens digit of g - (-6)/(-3 + 1)?
3
Let u be 2 - 8/(5 + -3). Let p = -5 - u. Let v = p + 4. What is the units digit of v?
1
Suppose -2*l + 19 = j - 36, -l - 151 = -3*j. What is the units digit of j?
1
Let n(y) = y + 6. Let d = 1 + -1. What is the units digit of n(d)?
6
Let r = 58 - 14. What is the units digit of r?
4
Suppose -5*y + 116 = f - 63, -5*y + 3*f = -183. Suppose -z = -i + 1 + 8, y = 5*i + 4*z. What is the units digit of i?
8
Suppose -3*w + 116 = 2*m - 6*w, -5*m = 4*w - 267. Suppose -4*k + 203 = -3*n, -4*k + 3*k + 5*n + m = 0. What is the tens digit of k?
5
Let z = -1 - -14. Suppose 0 = 10*c - z*c + 105. What is the units digit of c?
5
Let k(d) be the second derivative of 7/2*d**2 + 0 + 1/6*d**3 - d. What is the units digit of k(-5)?
2
Let o = 25 + -11. Suppose -2*q - 14 - o = 0. Let i = -5 - q. What is the units digit of i?
9
Let v be 8/(-3)*90/12. Let u = v - -29. What is the units digit of u?
9
Suppose 4*o = 9*o - 80. What is the tens digit of o?
1
Let n = 0 + 1. What is the tens digit of 1 - -14 - n*2?
1
Let w = 2 + -2. Suppose 2*x - 6 = -w*x. Let h = x - -5. What is the units digit of h?
8
Suppose 2*u - 197 = 5*t, -2*u + 3*t + 106 + 93 = 0. What is the tens digit of u?
0
Let j = -214 - -330. Suppose -88 - j = -4*k. What is the units digit of k?
1
Let u be ((-16)/10)/(14/(-35)). Suppose 4*j - 4*c + 6 - 18 = 0, 3*j + c = 13. Suppose u*a + 24 = 2*q, j*a = 3*q - 0*a - 34. What is the tens digit of q?
1
Suppose m + 5*d + 2 = 0, 4*m - 6*d + 8 = -3*d. Let a = m - -4. What is the units digit of (a + -1 + 2)/1?
3
Let f(i) = i**2 - 9*i + 6. Let l be f(7). Let x be (-1 - l)*(-5 - -3). Let u = x + 20. What is the units digit of u?
6
Suppose -3*i = -0*b + 3*b - 114, i - 50 = -4*b. Suppose -2*g = s + 2 + 5, -3*s + i = -5*g. Let x = s + 1. What is the units digit of x?
4
Let h = -198 - -334. What is the units digit of h?
6
Suppose 0 = 3*t - 4 + 1. Suppose